ulate the remainder when 191097 is divided by 47.
42
What is the remainder when 8323 is divided by 106?
55
Calculate the remainder when 1286 is divided by 225.
161
What is the remainder when 103164 is divided by 285?
279
Calculate the remainder when 7788 is divided by 520.
508
Calculate the remainder when 924922 is divided by 256.
250
What is the remainder when 42210 is divided by 42102?
108
Calculate the remainder when 11830 is divided by 5909.
12
What is the remainder when 72479 is divided by 225?
29
Calculate the remainder when 281466 is divided by 15.
6
Calculate the remainder when 22460 is divided by 440.
20
Calculate the remainder when 3570 is divided by 512.
498
Calculate the remainder when 2344 is divided by 503.
332
Calculate the remainder when 1927 is divided by 115.
87
What is the remainder when 2063431 is divided by 28?
27
What is the remainder when 5700185 is divided by 52?
49
What is the remainder when 70293 is divided by 186?
171
What is the remainder when 1759 is divided by 583?
10
What is the remainder when 594 is divided by 160?
114
Calculate the remainder when 12143 is divided by 243.
236
Calculate the remainder when 565 is divided by 44.
37
What is the remainder when 11960 is divided by 1966?
164
What is the remainder when 1056 is divided by 31?
2
Calculate the remainder when 5119 is divided by 1276.
15
What is the remainder when 1824 is divided by 287?
102
Calculate the remainder when 1052343 is divided by 3912.
15
Calculate the remainder when 78477 is divided by 26136.
69
Calculate the remainder when 196147 is divided by 1608.
1579
What is the remainder when 1283 is divided by 30?
23
What is the remainder when 4678 is divided by 127?
106
What is the remainder when 5185 is divided by 1533?
586
Calculate the remainder when 19667 is divided by 298.
297
What is the remainder when 17436 is divided by 163?
158
What is the remainder when 99616 is divided by 99494?
122
What is the remainder when 20339 is divided by 64?
51
Calculate the remainder when 6127 is divided by 15.
7
What is the remainder when 23866 is divided by 122?
76
Calculate the remainder when 111498 is divided by 4129.
15
Calculate the remainder when 89796 is divided by 118.
116
What is the remainder when 86344 is divided by 123?
121
What is the remainder when 806 is divided by 258?
32
What is the remainder when 52462 is divided by 195?
7
What is the remainder when 4243 is divided by 4207?
36
Calculate the remainder when 42671 is divided by 61.
32
Calculate the remainder when 1257 is divided by 208.
9
Calculate the remainder when 5558 is divided by 347.
6
What is the remainder when 10302 is divided by 1291?
1265
What is the remainder when 39712 is divided by 19834?
44
Calculate the remainder when 328018 is divided by 313.
307
Calculate the remainder when 18297 is divided by 1620.
477
Calculate the remainder when 13559 is divided by 226.
225
Calculate the remainder when 582432 is divided by 291207.
18
Calculate the remainder when 30072 is divided by 205.
142
Calculate the remainder when 33406 is divided by 6675.
31
What is the remainder when 269292 is divided by 39?
36
Calculate the remainder when 1968 is divided by 321.
42
Calculate the remainder when 498 is divided by 167.
164
What is the remainder when 16924 is divided by 7844?
1236
Calculate the remainder when 305566 is divided by 21.
16
Calculate the remainder when 255 is divided by 104.
47
What is the remainder when 20932 is divided by 2597?
156
Calculate the remainder when 78 is divided by 15.
3
Calculate the remainder when 285867 is divided by 3.
0
What is the remainder when 10279 is divided by 69?
67
Calculate the remainder when 492017 is divided by 730.
727
What is the remainder when 2973 is divided by 45?
3
What is the remainder when 1476 is divided by 121?
24
Calculate the remainder when 1522 is divided by 118.
106
Calculate the remainder when 14964 is divided by 19.
11
Calculate the remainder when 50665 is divided by 3611.
111
Calculate the remainder when 39603 is divided by 138.
135
What is the remainder when 48957 is divided by 39?
12
What is the remainder when 20367 is divided by 636?
15
What is the remainder when 132423 is divided by 16?
7
Calculate the remainder when 894409 is divided by 298126.
31
Calculate the remainder when 24480 is divided by 1360.
0
Calculate the remainder when 523159 is divided by 104630.
9
Calculate the remainder when 2897 is divided by 1439.
19
What is the remainder when 98256 is divided by 4466?
4
Calculate the remainder when 2505 is divided by 8.
1
What is the remainder when 26632 is divided by 3323?
48
What is the remainder when 526857 is divided by 16?
9
What is the remainder when 32500 is divided by 21?
13
What is the remainder when 340459 is divided by 27?
16
Calculate the remainder when 2508 is divided by 66.
0
Calculate the remainder when 12824 is divided by 401.
393
What is the remainder when 4210021 is divided by 364?
361
What is the remainder when 3956 is divided by 72?
68
Calculate the remainder when 31706 is divided by 32.
26
Calculate the remainder when 109693 is divided by 7831.
59
Calculate the remainder when 448894 is divided by 14.
12
What is the remainder when 516428 is divided by 84?
80
What is the remainder when 1468 is divided by 291?
13
What is the remainder when 1958 is divided by 699?
560
Calculate the remainder when 21571 is divided by 525.
46
What is the remainder when 63359 is divided by 10559?
5
What is the remainder when 3169283 is divided by 155?
153
Calculate the remainder when 10562 is divided by 38.
36
Calculate the remainder when 35326 is divided by 46.
44
Calculate the remainder when 3304 is divided by 891.
631
What is the remainder when 873 is divided by 826?
47
What is the remainder when 2665 is divided by 878?
31
What is the remainder when 2738 is divided by 130?
8
What is the remainder when 661390 is divided by 12?
10
Calculate the remainder when 2980 is divided by 29.
22
Calculate the remainder when 27409 is divided by 623.
620
Calculate the remainder when 10994 is divided by 1373.
10
What is the remainder when 377033 is divided by 418?
415
What is the remainder when 5021 is divided by 1625?
146
What is the remainder when 1511777 is divided by 46?
33
What is the remainder when 22228 is divided by 309?
289
Calculate the remainder when 2114 is divided by 702.
8
Calculate the remainder when 2751 is divided by 230.
221
What is the remainder when 10516 is divided by 18?
4
Calculate the remainder when 831 is divided by 150.
81
Calculate the remainder when 25300 is divided by 313.
260
Calculate the remainder when 93696 is divided by 31229.
9
Calculate the remainder when 33916 is divided by 708.
640
What is the remainder when 19075 is divided by 4742?
107
Calculate the remainder when 321684 is divided by 13.
12
Calculate the remainder when 5244 is divided by 135.
114
What is the remainder when 953 is divided by 352?
249
Calculate the remainder when 29874 is divided by 194.
192
What is the remainder when 47715 is divided by 38?
25
What is the remainder when 505771 is divided by 36126?
7
Calculate the remainder when 13200 is divided by 12.
0
What is the remainder when 68258 is divided by 68154?
104
What is the remainder when 4307 is divided by 4259?
48
What is the remainder when 4046 is divided by 1339?
29
Calculate the remainder when 1500 is divided by 17.
4
Calculate the remainder when 2490 is divided by 7.
5
What is the remainder when 234855 is divided by 42?
33
Calculate the remainder when 823590 is divided by 392.
390
Calculate the remainder when 765 is divided by 430.
335
What is the remainder when 3337 is divided by 179?
115
What is the remainder when 331855 is divided by 21?
13
What is the remainder when 24160 is divided by 179?
174
Calculate the remainder when 27182 is divided by 497.
344
What is the remainder when 8833 is divided by 10?
3
What is the remainder when 3103 is divided by 189?
79
Calculate the remainder when 163570 is divided by 258.
256
What is the remainder when 8643 is divided by 2626?
765
What is the remainder when 52141 is divided by 54?
31
Calculate the remainder when 26145 is divided by 3732.
21
Calculate the remainder when 2578468 is divided by 1409.
1407
Calculate the remainder when 1298 is divided by 82.
68